{"version":"1.0","provider_name":"Autonom Investitori","provider_url":"https:\/\/www.autonom.ro\/investitori","title":"Autonom, primul furnizor integrat de servicii de mobilitate rom\u00e2n care se al\u0103tur\u0103, la nivel interna\u021bional, la UN Global Compact - Autonom Investitori","type":"rich","width":600,"height":338,"html":"<blockquote class=\"wp-embedded-content\" data-secret=\"JKLnuPx2wL\"><a href=\"https:\/\/www.autonom.ro\/investitori\/autonom-un-global-compact\/\">Autonom, primul furnizor integrat de servicii de mobilitate rom\u00e2n care se al\u0103tur\u0103, la nivel interna\u021bional, la UN Global Compact<\/a><\/blockquote><iframe sandbox=\"allow-scripts\" security=\"restricted\" src=\"https:\/\/www.autonom.ro\/investitori\/autonom-un-global-compact\/embed\/#?secret=JKLnuPx2wL\" width=\"600\" height=\"338\" title=\"&#8222;Autonom, primul furnizor integrat de servicii de mobilitate rom\u00e2n care se al\u0103tur\u0103, la nivel interna\u021bional, la UN Global Compact&#8221; &#8211; Autonom Investitori\" data-secret=\"JKLnuPx2wL\" frameborder=\"0\" marginwidth=\"0\" marginheight=\"0\" scrolling=\"no\" class=\"wp-embedded-content\"><\/iframe><script>\n\/*! This file is auto-generated *\/\n!function(d,l){\"use strict\";l.querySelector&&d.addEventListener&&\"undefined\"!=typeof URL&&(d.wp=d.wp||{},d.wp.receiveEmbedMessage||(d.wp.receiveEmbedMessage=function(e){var t=e.data;if((t||t.secret||t.message||t.value)&&!\/[^a-zA-Z0-9]\/.test(t.secret)){for(var s,r,n,a=l.querySelectorAll('iframe[data-secret=\"'+t.secret+'\"]'),o=l.querySelectorAll('blockquote[data-secret=\"'+t.secret+'\"]'),c=new RegExp(\"^https?:$\",\"i\"),i=0;i<o.length;i++)o[i].style.display=\"none\";for(i=0;i<a.length;i++)s=a[i],e.source===s.contentWindow&&(s.removeAttribute(\"style\"),\"height\"===t.message?(1e3<(r=parseInt(t.value,10))?r=1e3:~~r<200&&(r=200),s.height=r):\"link\"===t.message&&(r=new URL(s.getAttribute(\"src\")),n=new URL(t.value),c.test(n.protocol))&&n.host===r.host&&l.activeElement===s&&(d.top.location.href=t.value))}},d.addEventListener(\"message\",d.wp.receiveEmbedMessage,!1),l.addEventListener(\"DOMContentLoaded\",function(){for(var e,t,s=l.querySelectorAll(\"iframe.wp-embedded-content\"),r=0;r<s.length;r++)(t=(e=s[r]).getAttribute(\"data-secret\"))||(t=Math.random().toString(36).substring(2,12),e.src+=\"#?secret=\"+t,e.setAttribute(\"data-secret\",t)),e.contentWindow.postMessage({message:\"ready\",secret:t},\"*\")},!1)))}(window,document);\n\/\/# sourceURL=https:\/\/www.autonom.ro\/investitori\/wp-includes\/js\/wp-embed.min.js\n<\/script>\n","description":"Autonom se al\u0103tur\u0103 ini\u021biativei UN Global Compact, cea mai ampl\u0103 ini\u021biativ\u0103 global\u0103 pentru sustenabilitate, strategia de sustenabilitate a companiei sus\u021bin\u00e2nd Obiectivele de Dezvoltare Durabil\u0103 (SDGs) ale Na\u021biunilor Unite. Pozi\u021bia onorant\u0103 \u00een care ne afl\u0103m ast\u0103zi va permite politicii grupului nostru s\u0103 devin\u0103 relevant\u0103 \u0219i la nivel mondial. Strategia noastr\u0103 de sustenabilitate, parte a planului de [&hellip;]"}

Autonom, primul furnizor integrat de servicii de mobilitate român care se alătură, la nivel internațional, la UN Global Compact - Autonom Investitori

<blockquote class="wp-embedded-content" data-secret="JKLnuPx2wL"><a href="https://www.autonom.ro/investitori/autonom-un-global-compact/">Autonom, primul furnizor integrat de servicii de mobilitate român care se alătură, la nivel internațional, la UN Global Compact</a></blockquote><iframe sandbox="allow-scripts" security="restricted" src="https://www.autonom.ro/investitori/autonom-un-global-compact/embed/#?secret=JKLnuPx2wL" width="600" height="338" title="&#8222;Autonom, primul furnizor integrat de servicii de mobilitate român care se alătură, la nivel internațional, la UN Global Compact&#8221; &#8211; Autonom Investitori" data-secret="JKLnuPx2wL" frameborder="0" marginwidth="0" marginheight="0" scrolling="no" class="wp-embedded-content"></iframe><script>
/*! This file is auto-generated */
!function(d,l){"use strict";l.querySelector&&d.addEventListener&&"undefined"!=typeof URL&&(d.wp=d.wp||{},d.wp.receiveEmbedMessage||(d.wp.receiveEmbedMessage=function(e){var t=e.data;if((t||t.secret||t.message||t.value)&&!/[^a-zA-Z0-9]/.test(t.secret)){for(var s,r,n,a=l.querySelectorAll('iframe[data-secret="'+t.secret+'"]'),o=l.querySelectorAll('blockquote[data-secret="'+t.secret+'"]'),c=new RegExp("^https?:$","i"),i=0;i<o.length;i++)o[i].style.display="none";for(i=0;i<a.length;i++)s=a[i],e.source===s.contentWindow&&(s.removeAttribute("style"),"height"===t.message?(1e3<(r=parseInt(t.value,10))?r=1e3:~~r<200&&(r=200),s.height=r):"link"===t.message&&(r=new URL(s.getAttribute("src")),n=new URL(t.value),c.test(n.protocol))&&n.host===r.host&&l.activeElement===s&&(d.top.location.href=t.value))}},d.addEventListener("message",d.wp.receiveEmbedMessage,!1),l.addEventListener("DOMContentLoaded",function(){for(var e,t,s=l.querySelectorAll("iframe.wp-embedded-content"),r=0;r<s.length;r++)(t=(e=s[r]).getAttribute("data-secret"))||(t=Math.random().toString(36).substring(2,12),e.src+="#?secret="+t,e.setAttribute("data-secret",t)),e.contentWindow.postMessage({message:"ready",secret:t},"*")},!1)))}(window,document);
//# sourceURL=https://www.autonom.ro/investitori/wp-includes/js/wp-embed.min.js
</script>

Autonom se alătură inițiativei UN Global Compact, cea mai amplă inițiativă globală pentru sustenabilitate, strategia de sustenabilitate a companiei susținând Obiectivele de Dezvoltare Durabilă (SDGs) ale Națiunilor Unite. Poziția onorantă în care ne aflăm astăzi va permite politicii grupului nostru să devină relevantă și la nivel mondial. Strategia noastră de sustenabilitate, parte a planului de [&hellip;]
